{"id":1455,"date":"2025-08-27T20:46:37","date_gmt":"2025-08-27T20:46:37","guid":{"rendered":"https:\/\/infrail.put.poznan.pl\/?page_id=1455"},"modified":"2025-08-27T20:55:27","modified_gmt":"2025-08-27T20:55:27","slug":"poszukiwanie-przyczyn-wzmozonej-emisji-drgan-i-halasu","status":"publish","type":"page","link":"https:\/\/infrail.put.poznan.pl\/?page_id=1455","title":{"rendered":"Poszukiwanie przyczyn wzmo\u017conej emisji drga\u0144 i ha\u0142asu z pojazd\u00f3w szynowych"},"content":{"rendered":"\n<p>Zdob\u0105d\u017a nowe, skuteczne narz\u0119dzie w walce z zanieczyszczeniem \u015brodowiska drganiami i ha\u0142asem, si\u0119gaj\u0105c do samych przyczyn w styku ko\u0142a z szyn\u0105.<\/p>\n","protected":false},"excerpt":{"rendered":"<p>Zdob\u0105d\u017a nowe, skuteczne narz\u0119dzie w walce z zanieczyszczeniem \u015brodowiska drganiami i ha\u0142asem, si\u0119gaj\u0105c do samych przyczyn w styku ko\u0142a z szyn\u0105.<\/p>\n","protected":false},"author":1,"featured_media":0,"parent":0,"menu_order":0,"comment_status":"closed","ping_status":"closed","template":"","meta":{"footnotes":""},"class_list":["post-1455","page","type-page","status-publish","hentry"],"_links":{"self":[{"href":"https:\/\/infrail.put.poznan.pl\/index.php?rest_route=\/wp\/v2\/pages\/1455","targetHints":{"allow":["GET"]}}],"collection":[{"href":"https:\/\/infrail.put.poznan.pl\/index.php?rest_route=\/wp\/v2\/pages"}],"about":[{"href":"https:\/\/infrail.put.poznan.pl\/index.php?rest_route=\/wp\/v2\/types\/page"}],"author":[{"embeddable":true,"href":"https:\/\/infrail.put.poznan.pl\/index.php?rest_route=\/wp\/v2\/users\/1"}],"replies":[{"embeddable":true,"href":"https:\/\/infrail.put.poznan.pl\/index.php?rest_route=%2Fwp%2Fv2%2Fcomments&post=1455"}],"version-history":[{"count":3,"href":"https:\/\/infrail.put.poznan.pl\/index.php?rest_route=\/wp\/v2\/pages\/1455\/revisions"}],"predecessor-version":[{"id":1470,"href":"https:\/\/infrail.put.poznan.pl\/index.php?rest_route=\/wp\/v2\/pages\/1455\/revisions\/1470"}],"wp:attachment":[{"href":"https:\/\/infrail.put.poznan.pl\/index.php?rest_route=%2Fwp%2Fv2%2Fmedia&parent=1455"}],"curies":[{"name":"wp","href":"https:\/\/api.w.org\/{rel}","templated":true}]}}